 to base 2
1001101110010100
Convert 2453345 (base 7) to base 4.
1031011130
What is 3104232 (base 5) in base 15?
eeb2
12212210112120 (base 3) to base 16
2fb170
Convert -696b0 (base 15) to base 2.
-1010001111100011000
What is -1012110020012 (base 3) in base 15?
-c93eb
What is 11012020210 (base 3) in base 4?
110022000
10105000 (base 6) to base 4
1012200120
Convert -152572 (base 9) to base 16.
-16e56
-10212001 (base 5) to base 7
-503355
What is -2142512 (base 6) in base 14?
-2ad52
What is -904ef8 (base 16) in base 10?
-9457400
Convert -182662 (base 12) to base 16.
-6652a
d6745 (base 14) to base 7
4253115
-ccbed (base 15) to base 16
-9edca
What is 22113 (base 16) in base 13?
4b68a
Convert 158535 (base 9) to base 7.
556034
Convert 5a2902 (base 15) to base 10.
4311902
Convert -3522040 (base 6) to base 11.
-114730
332077 (base 8) to base 16
1b43f
-c3b159 (base 13) to base 10
-4565609
Convert -16d4503 (base 14) to base 4.
-222332330013
Convert 8928b5 (base 12) to base 2.
1000010100101110001001
Convert 68963 (base 10) to base 13.
2550b
-39098 (base 15) to base 5
-21314033
Convert 4e95ba (base 16) to base 9.
10618585
What is -c38636 (base 13) in base 8?
-21311732
What is -22011000 (base 3) in base 13?
-291c
Convert -6c2b (base 14) to base 15.
-58c0
Convert -151266 (base 10) to base 5.
-14320031
What is -11101010101110011 (base 2) in base 15?
-2591e
Convert -14993 (base 14) to base 8.
-144125
What is 100011011100000011100111 (base 2) in base 10?
9289959
1215366 (base 7) to base 11
a6981
33d32d (base 14) to base 6
101455221
236631 (base 8) to base 3
11010112022
What is -329708 (base 15) in base 12?
-983545
What is -15602131 (base 7) in base 16?
-1717ab
-2023213 (base 7) to base 2
-111010111001010101
Convert -52a984 (base 14) to base 5.
-1203422042
What is 301559 (base 13) in base 12?
45a4ab
What is -10010001110110100 (base 2) in base 6?
-1333420
-13235330 (base 6) to base 10
-440550
-211412125 (base 6) to base 5
-1422444314
-39006 (base 10) to base 9
-58450
-12037536 (base 8) to base 9
-4860165
4630732 (base 9) to base 6
125331345
What is -1c5c5c (base 14) in base 12?
-40b44a
What is -113112223 (base 5) in base 2?
-1111110111000001000
What is 3432113 (base 10) in base 2?
1101000101111010110001
128a90 (base 11) to base 3
101021111020
-9285660 (base 10) to base 14
-1339db6
Convert -4602355 (base 7) to base 2.
-10001011101110010111
34ad (base 15) to base 3
120100101
Convert 1001010201022 (base 3) to base 9.
1033638
What is 4024233 (base 5) in base 7?
355342
-1443130 (base 6) to base 2
-10100011010111110
-11000001001001000110 (base 2) to base 8
-3011106
760253 (base 8) to base 5
31112443
Convert 12ac5 (base 14) to base 9.
70132
Convert -c4a7a (base 14) to base 4.
-1303232310
267766 (base 9) to base 8
476572
533642 (base 12) to base 8
5003322
What is -1a76998 (base 11) in base 5?
-1343244430
What is 6732575 (base 9) in base 11?
2055515
Convert 1103429 (base 10) to base 5.
240302204
1012414210 (base 5) to base 7
23435001
101202210121 (base 3) to base 5
23240433
Convert -7905 (base 14) to base 15.
-6337
Convert 1111011111101111 (base 2) to base 8.
173757
Convert 51401350 (base 6) to base 8.
5506242
1185151 (base 9) to base 4
2131321132
Convert -2715208 (base 9) to base 12.
-5b8375
-1000101111011011100111 (base 2) to base 4
-20233123213
-350415 (base 9) to base 15
-42495
54022c (base 14) to base 8
12661120
Convert 445727 (base 10) to base 16.
6cd1f
Convert 240019 (base 13) to base 15.
11dd37
What is -8a515 (base 16) in base 7?
-4546514
Convert 1232011 (base 6) to base 2.
10000001111100111
-9a677 (base 15) to base 2
-1110111110101010101
101412144 (base 5) to base 15
84534
Convert -11010141 (base 5) to base 6.
-2005045
What is 100111011110111000000 (base 2) in base 6?
43421344
What is 8510261 (base 9) in base 2?
10001010111101101001111
What is 2a4238 (base 11) in base 16?
73c07
-1021001121020 (base 3) to base 2
-10100011101010110101
-12134011 (base 5) to base 16
-1c0c1
Convert 1122123201 (base 5) to base 12.
a23757
Convert -354a2 (base 12) to base 7.
-415406
What is 110000011010 (base 2) in base 7?
12014
-35330d (base 15) to base 3
-11210011001111
Convert 32113221001 (base 4) to base 12.
1317a81
-2418375 (base 9) to base 16
-140426
-10020031201 (base 4) to base 13
-2bb77b
What is 5eb70 (base 15) in base 3?
120101120120
What is -113102203 (base 4) in base 16?
-174a3
Convert 5653211 (base 7) to base 12.
29a46b
110011100100110110100 (base 2) to base 5
413040121
-61bbb (base 16) to base 10
-400315
-54232 (base 7) to base 3
-200111221
20540450 (base 6) to base 7
5064153
Convert -225912 (base 11) to base 15.
-7162b
-34b7b7 (base 14) to base 13
-4aca14
-211201201022 (base 3) to base 11
-286156
What is 255350 (base 9) in base 6?
3152500
-121220100313 (base 4) to base 14
-c6c623
What is -3a829 (base 12) in base 6?
-1421253
What is 1341133011 (base 5) in base 9?
6451154
155400 (base 6) to base 5
443410
What is 14264 (base 14) in base 5?
3043442
What is 75ffdb (base 16) in base 9?
15485866
What is 4200312 (base 5) in base 15?
155dc
ddfcd (base 16) to base 12
37a239
Convert 805163 (base 12) to base 4.
13220022123
-615c85 (base 16) to base 13
-1425364
Convert -2606b68 (base 12) to base 11.
-4247636
Convert 10101031233 (base 4) to base 2.
100010001001101101111
What is -27bde5 (base 16) in base 13?
-702646
-1001110000100100 (base 2) to base 15
-bc9c
20102100000 (base 3) to base 8
366630
Convert 1310302424 (base 5) to base 11.
18a4966
2434300141 (base 5) to base 9
11771777
Convert 10200102111222 (base 3) to base 6.
105540125
What is -d27ee (base 16) in base 6?
-30251342
416130 (base 7) to base 11
49a04
What is 3122104 (base 5) in base 6?
1034321
What is 4096995 (base 10) in base 8?
17501743
Convert 21476762 (base 8) to base 14.
883830
17963 (base 15) to base 2
10010101001010000
264514616 (base 7) to base 14
239417d
Convert -646315 (base 8) to base 13.
-77591
163327 (base 9) to base 10
100870
What is 27100777 (base 8) in base 3?
102102000022102
Convert -fc3a6 (base 16) to base 13.
-2a2323
Convert 10311550 (base 6) to base 5.
34224421
896216 (base 10) to base 5
212134331
Convert -426505 (base 7) to base 16.
-12262
-154420 (base 10) to base 2
-100101101100110100
What is 110020201012 (base 3) in base 7?
2022611
Convert -4250776 (base 8) to base 12.
-468a7a
751ac (base 13) to base 12
a229b
Convert -482a91 (base 15) to base 10.
-3451636
What is -53305651 (base 7) in base 4?
-101100101320
Convert 29267 (base 12) to base 4.
32000233
What is 223010201 (base 4) in base 11?
1105aa
What is -1212210021021 (base 3) in base 7?
-11332306
What is -1361152 (base 8) in base 7?
-3164215
-305510531 (base 6) to base 13
-11400c1
What is -3101300303 (base 4) in base 15?
-11e892
100212201202 (base 3) to base 12
9463b
-6044 (base 9) to base 5
-120124
What is -29080a (base 14) in base 9?
-2607847
611665 (base 13) to base 10
2259613
Convert 1335031 (base 7) to base 2.
101011001101110010
What is 1013234203 (base 5) in base 15?
2b34a3
710ae2 (base 16) to base 8
34205342
Convert -102330015 (base 7) to base 9.
-12352576
Convert -7aaae (base 15) to base 2.
-1011111010110001011
What is 2883822 (base 10) in base 13?
79c806
4838205 (base 9) to base 2
1010000000100101011110
Convert -2442314 (base 5) to base 14.
-12d96
-30422420 (base 5) to base 4
-330222211
Convert -263dc2 (base 16) to base 9.
-4638742
What is 1c89a3 (base 16) in base 9?
3460437
21956 (base 11) to base 3
1121120102
-133314223 (base 5) to base 14
-13a9b8
1bab633 (base 13) to base 7
141245622
Convert 2b989 (base 16) to base 2.
101011100110001001
Convert 1422138 (base 12) to base 14.
76b500
23232313130 (base 4) to base 8
13566734
What is -52506345 (base 8) in base 9?
-23025188
What is -18a04 (base 14) in base 11?
-42916
145235 (base 6) to base 15
42c5
281856 (base 12) to base 3
1020212021010
120102020202 (base 3) to base 13
a8170
74065 (base 10) to base 9
122534
What is 112403416 (base 7) in base 12?
23845a4
Convert -47b27 (base 13) to base 6.
-2452511
What is 200947 (base 12) in base 10?
499015
What is 111011100100000001 (base 2) in base 14?
64ca5
64c86 (base 15) to base 5
40220301
-235354 (base 7) to base 14
-117d4
What is 171c2 (base 15) in base 5?
4342112
What is -44201103 (base 5) in base 16?
-5d1db
Convert -1430304 (base 5) to base 12.
-154a7
